{"id":3134,"date":"2023-01-20T16:31:08","date_gmt":"2023-01-20T16:31:08","guid":{"rendered":"http:\/\/www.gronenonline.com\/_gronen1\/?page_id=3134"},"modified":"2024-10-07T08:51:46","modified_gmt":"2024-10-07T08:51:46","slug":"papers-published-by-participants-of-gronen-reading-group-meetings","status":"publish","type":"page","link":"http:\/\/www.gronenonline.com\/_gronen1\/papers-published-by-participants-of-gronen-reading-group-meetings\/","title":{"rendered":"Papers published by participants of GRONEN Reading Group meetings"},"content":{"rendered":"<p><span style=\"font-size: 12pt; color: #3c3ca6;\"><strong>SEE PAPERS PUBLISHED BY GROREG PARTICIPANTS<\/strong><\/span><\/p>\n<ol>\n<li><a href=\"https:\/\/onlinelibrary.wiley.com\/doi\/abs\/10.1111\/beer.12229\">Antolin\u2010Lopez, R., Martinez\u2010del\u2010Rio, J., &amp; Cespedes\u2010Lorente, J. J. (2019). Environmental entrepreneurship as a multi\u2010component and dynamic construct: Duality of goals, environmental agency, and environmental value creation.\u00a0<em>Business Ethics: A European Review<\/em>,\u00a0<em>28<\/em>(4), 407-422.<\/a><\/li>\n<li><a href=\"https:\/\/doi.org\/10.1177\/0170840618814567\">Arenas, D., Murphy, M., &amp; J\u00e1uregui, K. (2020). Community influence capacity on firms: Lessons from the Peruvian highlands.\u00a0<em>Organization Studies<\/em>,\u00a0<em>41<\/em>(6), 737-765.<\/a><\/li>\n<li><a href=\"https:\/\/doi.org\/10.1177\/0308518X17728517\">Baglioni, E., &amp; Campling, L. (2017). Natural resource industries as global value chains: Frontiers, fetishism, labour and the state.\u00a0<em>Environment and Planning A: Economy and Space<\/em>,\u00a0<em>49<\/em>(11), 2437-2456.<\/a><\/li>\n<li><a href=\"https:\/\/onlinelibrary.wiley.com\/doi\/full\/10.1002\/smj.3374\">Berchicci, L., &amp; King, A. A. (2022). Building knowledge by mapping model uncertainty in six studies of social and financial performance.\u00a0<em>Strategic Management Journal<\/em>,\u00a0<em>43<\/em>(7), 1319-1346.<\/a><\/li>\n<li><a href=\"https:\/\/onlinelibrary.wiley.com\/doi\/full\/10.1002\/smj.3371\">Berchicci, L., &amp; Tarakci, M. (2022). Aspiration formation and attention rules.\u00a0<em>Strategic Management Journal<\/em>,\u00a0<em>43<\/em>(8), 1575-1601.<\/a><\/li>\n<li><a href=\"https:\/\/doi.org\/10.1002\/smj.2672\">Bettinazzi, E. L., &amp; Zollo, M. (2017). Stakeholder orientation and acquisition performance.\u00a0<em>Strategic Management Journal<\/em>,\u00a0<em>38<\/em>(12), 2465-2485.<\/a><\/li>\n<li><a href=\"https:\/\/link.springer.com\/article\/10.1007\/s10551-017-3635-y\">Bowen, F. (2019). Marking their own homework: The pragmatic and moral legitimacy of industry self-regulation.\u00a0<em>Journal of Business Ethics<\/em>,\u00a0<em>156<\/em>(1), 257-272.<\/a><\/li>\n<li><a href=\"https:\/\/doi.org\/10.1002\/smj.2764\">Bowen, F. E., Bansal, P., &amp; Slawinski, N. (2018). Scale matters: The scale of environmental issues in corporate collective actions.\u00a0<em>Strategic Management Journal<\/em>,\u00a0<em>39<\/em>(5), 1411-1436.<\/a><\/li>\n<li><a href=\"https:\/\/journals.sagepub.com\/doi\/10.1177\/00076503221115715\">Callery, P. J. (2022). The influence of strategic disclosure on corporate climate performance ratings.\u00a0<em>Business &amp; Society<\/em>, 00076503221115715.<\/a><\/li>\n<li><a href=\"https:\/\/journals.sagepub.com\/doi\/abs\/10.1177\/01708406221080133\">Casasnovas, G. (2022). When States Build Markets: Policy support as a double-edged sword in the UK social investment market.\u00a0<em>Organization Studies<\/em>, 01708406221080133.<\/a><\/li>\n<li><a href=\"https:\/\/doi.org\/10.1177\/1350508417699023\">Chowdhury, R. (2017). The Rana Plaza disaster and the complicit behavior of elite NGOs.\u00a0<em>Organization<\/em>,\u00a0<em>24<\/em>(6), 938-949.<\/a><\/li>\n<li><a href=\"https:\/\/link.springer.com\/article\/10.1007\/s10551-019-04160-5\">Ciulli, F., Kolk, A., &amp; Boe-Lillegraven, S. (2020). Circularity brokers: digital platform organizations and waste recovery in food supply chains.\u00a0<em>Journal of Business Ethics<\/em>,\u00a0<em>167<\/em>(2), 299-331.<\/a><\/li>\n<li><a href=\"https:\/\/doi.org\/10.1002\/bse.2392\">Dahlmann, F., &amp; Roehrich, J. K. (2019). Sustainable supply chain management and partner engagement to manage climate change information.\u00a0<em>Business Strategy and the Environment<\/em>,\u00a0<em>28<\/em>(8), 1632-1647.<\/a><\/li>\n<li><a href=\"https:\/\/link.springer.com\/article\/10.1007\/s10551-017-3731-z\">Dahlmann, F., Branicki, L., &amp; Brammer, S. (2019). Managing carbon aspirations: The influence of corporate climate change targets on environmental performance.\u00a0<em>Journal of Business Ethics<\/em>,\u00a0<em>158<\/em>(1), 1-24.<\/a><\/li>\n<li><a href=\"https:\/\/link.springer.com\/article\/10.1007\/s10551-018-3928-9\">Etchanchu, H., &amp; Djelic, M. L. (2019). Old wine in new bottles? Parentalism, power, and its legitimacy in business\u2013society relations.\u00a0<em>Journal of Business Ethics<\/em>,\u00a0<em>160<\/em>(4), 893-911.<\/a><\/li>\n<li><a href=\"https:\/\/doi.org\/10.5465\/amj.2018.0615\">Ferns, G., Lambert, A., &amp; G\u00fcnther, M. (2022). The analogical construction of stigma as a moral dualism: The case of the fossil fuel divestment movement.\u00a0<em>Academy of Management Journal<\/em>,\u00a0<em>65<\/em>(4), 1383-1415.<\/a><\/li>\n<li><a href=\"https:\/\/link.springer.com\/article\/10.1007\/s10551-021-04954-6\">Fiandrino, S., Scarpa, F., &amp; Torelli, R. (2022). Fostering Social Impact Through Corporate Implementation of the SDGs: Transformative Mechanisms Towards Interconnectedness and Inclusiveness.\u00a0<em>Journal of Business Ethics<\/em>, 1-15.<\/a><\/li>\n<li><a href=\"https:\/\/doi.org\/10.1177\/1476127019827474\">Georgallis, P., &amp; Lee, B. (2020). Toward a theory of entry in moral markets: The role of social movements and organizational identity.\u00a0<em>Strategic Organization<\/em>,\u00a0<em>18<\/em>(1), 50-74.<\/a><\/li>\n<li><a href=\"https:\/\/doi.org\/10.1177\/0170840619867360\">Gond, J. P., &amp; Br\u00e8s, L. (2020). Designing the tools of the trade: How corporate social responsibility consultants and their tool-based practices created market shifts.\u00a0<em>Organization Studies<\/em>,\u00a0<em>41<\/em>(5), 703-726.<\/a><\/li>\n<li><a href=\"https:\/\/link.springer.com\/article\/10.1007\/s10551-015-2870-3\">Hahn, T., &amp; Albert, N. (2017). Strong reciprocity in consumer boycotts.\u00a0<em>Journal of Business Ethics<\/em>,\u00a0<em>145<\/em>(3), 509-524.<\/a><\/li>\n<li><a href=\"https:\/\/nottingham-repository.worktribe.com\/output\/10916315\">Hamann, R., Sewlal, A., Neeveditah, P., Muthuri, J., Amaeshi, K., Nwagwu, I., &amp; Soderbergh, J. (in press). Strengthening or restricting? Explaining the Covid-19 pandemic&#8217;s configurational effects on companies&#8217; sustainability strategies and practices. <em>Business and Society<\/em>.<\/a><\/li>\n<li><a href=\"https:\/\/doi.org\/10.1108\/AAAJ-10-2018-3696\">Higgins, C., Stubbs, W., Tweedie, D., &amp; McCallum, G. (2019). Journey or toolbox? Integrated reporting and processes of organisational change.\u00a0<em>Accounting, Auditing &amp; Accountability Journal<\/em>, <em>32<\/em>(6), 1662-1689.<\/a><\/li>\n<li><a href=\"https:\/\/doi.org\/10.1111\/joms.12852\">Jasinenko, A., &amp; Steuber, J. (2022). Perceived Organizational Purpose: Systematic Literature Review, Construct Definition, Measurement and Potential Employee Outcomes.\u00a0<em>Journal of Management Studies<\/em>.<\/a><\/li>\n<li><a href=\"https:\/\/doi.org\/10.1111\/jpim.12481\">Juntunen, J. K., Halme, M., Korsunova, A., &amp; Rajala, R. (2019). Strategies for integrating stakeholders into sustainability innovation: a configurational perspective.\u00a0<em>Journal of Product Innovation Management<\/em>,\u00a0<em>36<\/em>(3), 331-355.<\/a><\/li>\n<li><a href=\"https:\/\/link.springer.com\/article\/10.1007\/s10551-021-04954-6\">Lauriano, L. A., Reinecke, J., &amp; Etter, M. (2021). When aspirational talk backfires: The role of moral judgements in employees\u2019 hypocrisy interpretation.\u00a0<em>Journal of Business Ethics<\/em>, 1-19.<\/a><\/li>\n<li><a href=\"https:\/\/doi.org\/10.1016\/j.jbusvent.2017.05.003\">Molecke, G., &amp; Pinkse, J. (2017). Accountability for social impact: A bricolage perspective on impact measurement in social enterprises.\u00a0<em>Journal of Business Venturing<\/em>,\u00a0<em>32<\/em>(5), 550-568.<\/a><\/li>\n<li><a href=\"https:\/\/doi.org\/10.1111\/ijmr.12179\">Mura, M., Longo, M., Micheli, P., &amp; Bolzani, D. (2018). The evolution of sustainability measurement research.\u00a0<em>International Journal of Management Reviews<\/em>,\u00a0<em>20<\/em>(3), 661-695.<\/a><\/li>\n<li><a href=\"https:\/\/www.cambridge.org\/core\/journals\/business-ethics-quarterly\/article\/challenge-of-implementing-voluntary-sustainability-standards-a-dynamic-framework-on-the-tension-between-adherence-and-adaptation\/6B02D2D65FB68267D8B459DBF28DFF1C\">Nava, L., &amp; Tampe, M. (2022). The Challenge of Implementing Voluntary Sustainability Standards: A Dynamic Framework on the Tension between Adherence and Adaptation.\u00a0<em>Business Ethics Quarterly<\/em>, 1-31.<\/a><\/li>\n<li><a href=\"https:\/\/journals.aom.org\/doi\/abs\/10.5465\/amj.2019.0616\">Pamphile, V. D. (2022). Paradox peers: a relational approach to navigating a business\u2013society paradox.\u00a0<em>Academy of Management Journal<\/em>,\u00a0<em>65<\/em>(4), 1274-1302.<\/a><\/li>\n<li><a href=\"https:\/\/doi.org\/10.1177\/0007650317696313\">P\u00e9rez-Valls, M., C\u00e9spedes-Lorente, J., Mart\u00ednez-del-R\u00edo, J., &amp; Antol\u00edn-L\u00f3pez, R. (2019). How organizational structure affects ecological responsiveness.\u00a0<em>Business &amp; Society<\/em>,\u00a0<em>58<\/em>(8), 1634-1670.<\/a><\/li>\n<li><a href=\"https:\/\/www.cambridge.org\/core\/journals\/business-ethics-quarterly\/article\/corporate-social-responsibility-in-developing-country-multinationals-identifying-company-and-countrylevel-influences\/1B6794102E412C79E9A45B7A3ED221CA\">Preuss, L., Barkemeyer, R., &amp; Glavas, A. (2016). Corporate social responsibility in developing country multinationals: identifying company and country-level influences.\u00a0<em>Business Ethics Quarterly<\/em>,\u00a0<em>26<\/em>(3), 347-378.<\/a><\/li>\n<li><a href=\"https:\/\/doi.org\/10.1177\/0007650318777721\">Risi, D. (2020). Time and business sustainability: Socially responsible investing in Swiss banks and insurance companies.\u00a0<em>Business &amp; Society<\/em>,\u00a0<em>59<\/em>(7), 1410-1440.<\/a><\/li>\n<li><a href=\"https:\/\/doi.org\/10.1177\/0007650320928959\">Risi, D. (2022). Business and society research drawing on institutionalism: Integrating normative and descriptive research on values.\u00a0<em>Business &amp; Society<\/em>,\u00a0<em>61<\/em>(2), 305-339.<\/a><\/li>\n<li><a href=\"https:\/\/journals.sagepub.com\/doi\/full\/10.1177\/00076503221110213\">Risi, D., Wickert, C., &amp; Ramus, T. (2022). Coordinated Enactment: How Organizational Departments Work Together to Implement CSR.\u00a0<em>Business &amp; Society<\/em>, 00076503221110213.<\/a><\/li>\n<li><a href=\"https:\/\/journals.sagepub.com\/doi\/full\/10.1177\/10422587221115365\">Salvi, E., Belz, F. M., &amp; Bacq, S. (2022). Informal Entrepreneurship: An Integrative Review and Future Research Agenda.\u00a0<em>Entrepreneurship Theory and Practice<\/em>, 10422587221115365.<\/a><\/li>\n<li><a href=\"https:\/\/doi.org\/10.5465\/amj.2019.0769\">Schifeling, T., &amp; Soderstrom, S. (in press). Advancing Reform: Embedded Activism to Develop Climate Solutions.\u00a0<em>Academy of Management Journal<\/em>.<\/a><\/li>\n<li><a href=\"https:\/\/journals.aom.org\/doi\/full\/10.5465\/amle.2021.0233\">Sharma, G., Greco, A., Grewatsch, S., &amp; Bansal, P. (2022). Cocreating Forward: How Researchers and Managers Can Address Problems Together.\u00a0<em>Academy of Management Learning &amp; Education<\/em>,\u00a0<em>21<\/em>(3), 350-368.<\/a><\/li>\n<li><a href=\"https:\/\/doi.org\/10.1016\/j.cpa.2021.102355\">Sorola, M. (2022). Q methodology to conduct a critical study in accounting: AQ study on accountants\u2019 perspectives of social and environmental reporting.\u00a0<em>Critical Perspectives on Accounting<\/em>,\u00a0<em>86<\/em>, 102355.<\/a><\/li>\n<li><a href=\"https:\/\/doi.org\/10.1016\/j.ecolecon.2021.106947\">Tampe, M. (2021). Turning rules into practices: An inside-out approach to understanding the implementation of sustainability standards.\u00a0<em>Ecological Economics<\/em>,\u00a0<em>184<\/em>, 106947.<\/a><\/li>\n<li><a href=\"https:\/\/www.sciencedirect.com\/science\/article\/pii\/S0048733322000567?via%3Dihub\">Trotter, P. A., &amp; Brophy, A. (2022). Policy mixes for business model innovation: The case of off-grid energy for sustainable development in six sub-Saharan African countries.\u00a0<em>Research Policy<\/em>,\u00a0<em>51<\/em>(6), 104528.<\/a><\/li>\n<li><a href=\"https:\/\/journals.aom.org\/doi\/abs\/10.5465\/amd.2019.0074\">Wernicke, G., Sajko, M., &amp; Boone, C. (2022). How much influence do CEOs have on company actions and outcomes? The example of corporate social responsibility.\u00a0<em>Academy of Management Discoveries<\/em>,\u00a0<em>8<\/em>(1), 36-55.<\/a><\/li>\n<li><a href=\"https:\/\/doi.org\/10.5465\/amd.2015.0009\">Wickert, C., &amp; De Bakker, F. G. (2018). Pitching for social change: Toward a relational approach to selling and buying social issues.\u00a0<em>Academy of Management Discoveries<\/em>,\u00a0<em>4<\/em>(1), 50-73.<\/a><\/li>\n<li><a href=\"https:\/\/doi.org\/10.1111\/joms.12198\">York, J. G., O&#8217;Neil, I., &amp; Sarasvathy, S. D. (2016). Exploring environmental entrepreneurship: Identity coupling, venture goals, and stakeholder incentives.\u00a0<em>Journal of Management Studies<\/em>,\u00a0<em>53<\/em>(5), 695-737.<\/a><\/li>\n<li><a href=\"http:\/\/Alcayaga, A. and Hansen, E.G. (2024), Smart circular economy as a service business model: an activity system framework and research agenda. R&amp;D Management. https:\/\/doi.org\/10.1111\/radm.12707\">Alcayaga, A. and Hansen, E.G. (2024), Smart circular economy as a service business model: an activity system framework and research agenda. R&amp;D Management.<\/a>\u00a0<a href=\"https:\/\/doi.org\/10.1111\/radm.12707\" aria-label=\"Digital Object Identifier\">https:\/\/doi.org\/10.1111\/radm.12707<\/a><\/li>\n<\/ol>\n<p>&nbsp;<\/p>\n","protected":false},"excerpt":{"rendered":"<p>SEE PAPERS PUBLISHED BY GROREG PARTICIPANTS Antolin\u2010Lopez, R., Martinez\u2010del\u2010Rio, J., &amp; Cespedes\u2010Lorente, J. J. (2019). Environmental entrepreneurship as a multi\u2010component and dynamic construct: Duality of goals, environmental agency, and environmental &#8230;<\/p>\n","protected":false},"author":5,"featured_media":0,"parent":0,"menu_order":0,"comment_status":"closed","ping_status":"closed","template":"","meta":{"_eb_attr":"","_mi_skip_tracking":false,"_monsterinsights_sitenote_active":false,"_monsterinsights_sitenote_note":"","_monsterinsights_sitenote_category":0},"yoast_head":"<!-- This site is optimized with the Yoast SEO plugin v18.0 - https:\/\/yoast.com\/wordpress\/plugins\/seo\/ -->\n<title>Papers published by participants of GRONEN Reading Group meetings | Gronen<\/title>\n<meta name=\"robots\" content=\"index, follow, max-snippet:-1, max-image-preview:large, max-video-preview:-1\" \/>\n<link rel=\"canonical\" href=\"http:\/\/www.gronenonline.com\/_gronen1\/papers-published-by-participants-of-gronen-reading-group-meetings\/\" \/>\n<meta property=\"og:locale\" content=\"en_GB\" \/>\n<meta property=\"og:type\" content=\"article\" \/>\n<meta property=\"og:title\" content=\"Papers published by participants of GRONEN Reading Group meetings | Gronen\" \/>\n<meta property=\"og:description\" content=\"SEE PAPERS PUBLISHED BY GROREG PARTICIPANTS Antolin\u2010Lopez, R., Martinez\u2010del\u2010Rio, J., &amp; Cespedes\u2010Lorente, J. J. (2019). Environmental entrepreneurship as a multi\u2010component and dynamic construct: Duality of goals, environmental agency, and environmental ...\" \/>\n<meta property=\"og:url\" content=\"http:\/\/www.gronenonline.com\/_gronen1\/papers-published-by-participants-of-gronen-reading-group-meetings\/\" \/>\n<meta property=\"og:site_name\" content=\"Gronen\" \/>\n<meta property=\"article:modified_time\" content=\"2024-10-07T08:51:46+00:00\" \/>\n<meta name=\"twitter:card\" content=\"summary_large_image\" \/>\n<meta name=\"twitter:site\" content=\"@GRONENetwork\" \/>\n<meta name=\"twitter:label1\" content=\"Estimated reading time\" \/>\n\t<meta name=\"twitter:data1\" content=\"5 minutes\" \/>\n<script type=\"application\/ld+json\" class=\"yoast-schema-graph\">{\"@context\":\"https:\/\/schema.org\",\"@graph\":[{\"@type\":\"Organization\",\"@id\":\"http:\/\/www.gronenonline.com\/_gronen1\/#organization\",\"name\":\"Gronen | Group for Research on Organizations and the Natural Environment\",\"url\":\"http:\/\/www.gronenonline.com\/_gronen1\/\",\"sameAs\":[\"https:\/\/www.youtube.com\/channel\/UCGWjq_mc75vvfim1zn7x6DA\",\"https:\/\/twitter.com\/GRONENetwork\"],\"logo\":{\"@type\":\"ImageObject\",\"@id\":\"http:\/\/www.gronenonline.com\/_gronen1\/#logo\",\"inLanguage\":\"en-GB\",\"url\":\"http:\/\/www.gronenonline.com\/_gronen1\/wp-content\/uploads\/2018\/03\/logo-gronen-2.png\",\"contentUrl\":\"http:\/\/www.gronenonline.com\/_gronen1\/wp-content\/uploads\/2018\/03\/logo-gronen-2.png\",\"width\":640,\"height\":305,\"caption\":\"Gronen | Group for Research on Organizations and the Natural Environment\"},\"image\":{\"@id\":\"http:\/\/www.gronenonline.com\/_gronen1\/#logo\"}},{\"@type\":\"WebSite\",\"@id\":\"http:\/\/www.gronenonline.com\/_gronen1\/#website\",\"url\":\"http:\/\/www.gronenonline.com\/_gronen1\/\",\"name\":\"Gronen\",\"description\":\"Group for Research on Organizations and the Natural Environment\",\"publisher\":{\"@id\":\"http:\/\/www.gronenonline.com\/_gronen1\/#organization\"},\"potentialAction\":[{\"@type\":\"SearchAction\",\"target\":{\"@type\":\"EntryPoint\",\"urlTemplate\":\"http:\/\/www.gronenonline.com\/_gronen1\/?s={search_term_string}\"},\"query-input\":\"required name=search_term_string\"}],\"inLanguage\":\"en-GB\"},{\"@type\":\"WebPage\",\"@id\":\"http:\/\/www.gronenonline.com\/_gronen1\/papers-published-by-participants-of-gronen-reading-group-meetings\/#webpage\",\"url\":\"http:\/\/www.gronenonline.com\/_gronen1\/papers-published-by-participants-of-gronen-reading-group-meetings\/\",\"name\":\"Papers published by participants of GRONEN Reading Group meetings | Gronen\",\"isPartOf\":{\"@id\":\"http:\/\/www.gronenonline.com\/_gronen1\/#website\"},\"datePublished\":\"2023-01-20T16:31:08+00:00\",\"dateModified\":\"2024-10-07T08:51:46+00:00\",\"breadcrumb\":{\"@id\":\"http:\/\/www.gronenonline.com\/_gronen1\/papers-published-by-participants-of-gronen-reading-group-meetings\/#breadcrumb\"},\"inLanguage\":\"en-GB\",\"potentialAction\":[{\"@type\":\"ReadAction\",\"target\":[\"http:\/\/www.gronenonline.com\/_gronen1\/papers-published-by-participants-of-gronen-reading-group-meetings\/\"]}]},{\"@type\":\"BreadcrumbList\",\"@id\":\"http:\/\/www.gronenonline.com\/_gronen1\/papers-published-by-participants-of-gronen-reading-group-meetings\/#breadcrumb\",\"itemListElement\":[{\"@type\":\"ListItem\",\"position\":1,\"name\":\"Portada\",\"item\":\"http:\/\/www.gronenonline.com\/_gronen1\/\"},{\"@type\":\"ListItem\",\"position\":2,\"name\":\"Papers published by participants of GRONEN Reading Group meetings\"}]}]}<\/script>\n<!-- \/ Yoast SEO plugin. -->","yoast_head_json":{"title":"Papers published by participants of GRONEN Reading Group meetings | Gronen","robots":{"index":"index","follow":"follow","max-snippet":"max-snippet:-1","max-image-preview":"max-image-preview:large","max-video-preview":"max-video-preview:-1"},"canonical":"http:\/\/www.gronenonline.com\/_gronen1\/papers-published-by-participants-of-gronen-reading-group-meetings\/","og_locale":"en_GB","og_type":"article","og_title":"Papers published by participants of GRONEN Reading Group meetings | Gronen","og_description":"SEE PAPERS PUBLISHED BY GROREG PARTICIPANTS Antolin\u2010Lopez, R., Martinez\u2010del\u2010Rio, J., &amp; Cespedes\u2010Lorente, J. J. (2019). Environmental entrepreneurship as a multi\u2010component and dynamic construct: Duality of goals, environmental agency, and environmental ...","og_url":"http:\/\/www.gronenonline.com\/_gronen1\/papers-published-by-participants-of-gronen-reading-group-meetings\/","og_site_name":"Gronen","article_modified_time":"2024-10-07T08:51:46+00:00","twitter_card":"summary_large_image","twitter_site":"@GRONENetwork","twitter_misc":{"Estimated reading time":"5 minutes"},"schema":{"@context":"https:\/\/schema.org","@graph":[{"@type":"Organization","@id":"http:\/\/www.gronenonline.com\/_gronen1\/#organization","name":"Gronen | Group for Research on Organizations and the Natural Environment","url":"http:\/\/www.gronenonline.com\/_gronen1\/","sameAs":["https:\/\/www.youtube.com\/channel\/UCGWjq_mc75vvfim1zn7x6DA","https:\/\/twitter.com\/GRONENetwork"],"logo":{"@type":"ImageObject","@id":"http:\/\/www.gronenonline.com\/_gronen1\/#logo","inLanguage":"en-GB","url":"http:\/\/www.gronenonline.com\/_gronen1\/wp-content\/uploads\/2018\/03\/logo-gronen-2.png","contentUrl":"http:\/\/www.gronenonline.com\/_gronen1\/wp-content\/uploads\/2018\/03\/logo-gronen-2.png","width":640,"height":305,"caption":"Gronen | Group for Research on Organizations and the Natural Environment"},"image":{"@id":"http:\/\/www.gronenonline.com\/_gronen1\/#logo"}},{"@type":"WebSite","@id":"http:\/\/www.gronenonline.com\/_gronen1\/#website","url":"http:\/\/www.gronenonline.com\/_gronen1\/","name":"Gronen","description":"Group for Research on Organizations and the Natural Environment","publisher":{"@id":"http:\/\/www.gronenonline.com\/_gronen1\/#organization"},"potentialAction":[{"@type":"SearchAction","target":{"@type":"EntryPoint","urlTemplate":"http:\/\/www.gronenonline.com\/_gronen1\/?s={search_term_string}"},"query-input":"required name=search_term_string"}],"inLanguage":"en-GB"},{"@type":"WebPage","@id":"http:\/\/www.gronenonline.com\/_gronen1\/papers-published-by-participants-of-gronen-reading-group-meetings\/#webpage","url":"http:\/\/www.gronenonline.com\/_gronen1\/papers-published-by-participants-of-gronen-reading-group-meetings\/","name":"Papers published by participants of GRONEN Reading Group meetings | Gronen","isPartOf":{"@id":"http:\/\/www.gronenonline.com\/_gronen1\/#website"},"datePublished":"2023-01-20T16:31:08+00:00","dateModified":"2024-10-07T08:51:46+00:00","breadcrumb":{"@id":"http:\/\/www.gronenonline.com\/_gronen1\/papers-published-by-participants-of-gronen-reading-group-meetings\/#breadcrumb"},"inLanguage":"en-GB","potentialAction":[{"@type":"ReadAction","target":["http:\/\/www.gronenonline.com\/_gronen1\/papers-published-by-participants-of-gronen-reading-group-meetings\/"]}]},{"@type":"BreadcrumbList","@id":"http:\/\/www.gronenonline.com\/_gronen1\/papers-published-by-participants-of-gronen-reading-group-meetings\/#breadcrumb","itemListElement":[{"@type":"ListItem","position":1,"name":"Portada","item":"http:\/\/www.gronenonline.com\/_gronen1\/"},{"@type":"ListItem","position":2,"name":"Papers published by participants of GRONEN Reading Group meetings"}]}]}},"_links":{"self":[{"href":"http:\/\/www.gronenonline.com\/_gronen1\/wp-json\/wp\/v2\/pages\/3134"}],"collection":[{"href":"http:\/\/www.gronenonline.com\/_gronen1\/wp-json\/wp\/v2\/pages"}],"about":[{"href":"http:\/\/www.gronenonline.com\/_gronen1\/wp-json\/wp\/v2\/types\/page"}],"author":[{"embeddable":true,"href":"http:\/\/www.gronenonline.com\/_gronen1\/wp-json\/wp\/v2\/users\/5"}],"replies":[{"embeddable":true,"href":"http:\/\/www.gronenonline.com\/_gronen1\/wp-json\/wp\/v2\/comments?post=3134"}],"version-history":[{"count":3,"href":"http:\/\/www.gronenonline.com\/_gronen1\/wp-json\/wp\/v2\/pages\/3134\/revisions"}],"predecessor-version":[{"id":3791,"href":"http:\/\/www.gronenonline.com\/_gronen1\/wp-json\/wp\/v2\/pages\/3134\/revisions\/3791"}],"wp:attachment":[{"href":"http:\/\/www.gronenonline.com\/_gronen1\/wp-json\/wp\/v2\/media?parent=3134"}],"curies":[{"name":"wp","href":"https:\/\/api.w.org\/{rel}","templated":true}]}}